ate (-5 - (-2 + (-4 - -6) + -6)) + 3.
4
Calculate (12 - (-1 + 3)) + -10.
0
Evaluate 2 + -3 + 27 + -26.
0
What is the value of 1 - (-8 + 12 - 8 - (-5 - 1))?
-1
Calculate 1 + -7 + (3 - -1 - (11 - 4)).
-9
What is 12 - (12 + -14 - 1)?
15
Evaluate (-7026 - -7033) + (-1 - -2 - (12 - 1)).
-3
What is the value of 4 + 3 + -13 - -6 - 11?
-11
Calculate 42 + -56 + (-4 - -32) + 4.
18
10 + 6 + -33 - -5 - -20
8
(-4 + 7 + -5 - -5) + -4 + 10
9
Evaluate -25 - -44 - (32 + -5).
-8
55 - (40 - (20 - 11))
24
Evaluate ((-22 - -33) + 2 - -11) + 3 + -1.
26
Evaluate 2 + -6 + 258 + -278.
-24
Calculate (0 + 3 - -2) + (72 - 85).
-8
8 - (-1 - (-5 + 5)) - (0 + 6)
3
6 + -2 + (2 - 2) - (232 - 226)
-2
What is the value of (-3 - (-4 - -6)) + 0 - -5?
0
Evaluate -182 + 170 - (-4 + 0 + (4 - 2)).
-10
4 + -24 + (-5 + 12 - -5) + -22
-30
Evaluate (-7 - (-1 - 7)) + -2 - -10.
9
What is the value of 4 + (-10 - (1 + 8 - (-9 - -38)))?
14
Calculate 0 + (-6 - (7 + -14)) - -2.
3
Evaluate (-32 - -69) + (-7 - 6).
24
What is the value of 91 + -74 - (12 + -1)?
6
What is the value of 6 + -8 + 27 + -13?
12
What is the value of -10 + 17 + 4 - 9?
2
Calculate 25 + (-13 - (-12 - -9) - -11).
26
Evaluate -38 + (13 - -3) + 15 + -7 + -19.
-33
What is 18 - (5 + -5 - -12)?
6
Evaluate (-10 - -3) + -79 + 88 + (20 - 1).
21
What is -13 + (-28 + -12 + 21 - -12)?
-20
What is the value of -15 + (-3 + -15 - -40)?
7
Evaluate (0 - (-2 + 12)) + -168 + 166 - -4.
-8
What is 4 - (3 + 3 + 0 - (22 + -17))?
3
Evaluate (3 - (0 + -7) - 6) + 25 + 2.
31
What is the value of -15 + 5 + (-2 - (-2 + -6 - -5))?
-9
Calculate -4 + -2 + (12 - 7).
-1
What is 12 + (18 - 12 - 0 - 26)?
-8
-43 + 49 + 16 + 1 + -16
7
Evaluate -6 + (0 - -10) + -6 + (-22 - -26).
2
What is the value of -5 + -4 + (16 + -9 - (-3 + 16))?
-15
Calculate 1 + (0 - -15) - 19.
-3
Evaluate 3 - 13 - (13 + -36).
13
What is the value of (-1 - (-14 - -22)) + 8 - -23?
22
Calculate 10 + (-1 + 10 - 19).
0
Evaluate 35 + -39 + (2 - 2) + 5.
1
Calculate -1 + -5 + -9 + 1 + -195 + 216.
7
Evaluate -6 + 12 - (1 + -3 + -1 - -17).
-8
What is -36 + -11 + 22 + 22?
-3
What is the value of 0 + 3 + 9 + 7 + -1 + -3?
15
Evaluate (5 - (-6 - 19)) + -4 + -7.
19
Evaluate 4 + -4 + -10 + 23 + -5.
8
What is the value of 29 - 13 - ((5 - -2) + -7)?
16
What is the value of 41 + -40 + 33 + -6?
28
Evaluate (20 - (-5 - -11)) + -13.
1
Evaluate -33 + 29 + 10 - (-1 + 2 + -8).
13
What is (-18 - -40) + 7 - (15 - 4)?
18
What is (-15 - -5) + (25 - 34)?
-19
Evaluate (-28 + 2 - -58) + -3.
29
What is (-4 - (3 + -2 - (21 + -3))) + 0?
13
What is 1 + (9 - (2 - -1)) - (-4 + 3)?
8
Calculate 21 + 20 + -56 + -12.
-27
What is -5 + 21 + (59 - 83)?
-8
Evaluate -6 + (10 - -1 - (29 - 24)).
0
What is 17 + (0 - (-6 + 13))?
10
Calculate (4 - (-2 - 3 - (-2 - 1))) + -4.
2
What is (-2 + -2 - 3) + (-25 - -16)?
-16
11 + -10 + 2 - -1
4
What is the value of (-1 - (-2 - 2)) + 11 + -6?
8
What is the value of -8 + 3 + (6 + -6 - -4 - 3)?
-4
10 - (-8 - -4) - -6
20
(14 - (30 + 17)) + 28
-5
What is the value of (-17 - 2) + (322 - 310)?
-7
-1 - (2 - -1 - (70 + -66))
0
Evaluate 20 - (-4 - (-49 + 12)).
-13
What is the value of (-20 - (15 + -21)) + -1?
-15
136 - 142 - (-3 + -14)
11
What is 10 + ((4 - (-5 + -3)) + -8 - 28)?
-14
Evaluate 15 + -23 + 0 + -1 + 8.
-1
What is the value of 7 + -5 + (3 + 1 - (-2 + 16))?
-8
What is the value of 20 + -17 + 3 - 14?
-8
14 - 8 - (10 + -9 + 6)
-1
Calculate (-1 - -5) + (9 - (13 - (-18 - -6))).
-12
What is 2 + -1 - -8 - (-21 + (36 - -31))?
-37
Evaluate 5 + -8 + 3 + 11 - 35 - -7.
-17
(-21 + 27 - -15) + 8
29
-10 + (-1 + 13 - (94 + -84))
-8
What is the value of -18 - 3 - (-28 + 9)?
-2
Calculate (-2 - (2 + -15)) + 5.
16
(-1 - 11 - (-70 + 61)) + (7 - -1)
5
Calculate -24 + (-39 - -42 - (-4 + 0)).
-17
What is -2 + -5 + 9 + 10?
12
20 - ((-11 - -15) + 7)
9
Calculate 7 + (-6 + -3 - 17) + -4.
-23
What is -5 - (-2 + -6 + 7 + 1) - 6?
-11
What is the value of (14 + 6 - 14) + -11?
-5
What is the value of 9 + 0 + 3 - (9 + 3 + -5)?
5
1 + -1 - (2 - (-12 + -4 + 7))
-11
(14 - (-31 + 22)) + -43
-20
(-2 - 2) + 26 - (170 - 171)
23
5 + -4 + (8 - (-21 + (-8 - -12)))
26
Calculate -7 - (-16 - -25 - 30).
14
What is the value of 9 - 3 - (-26 + -12 + 16)?
28
Evaluate (-10 - (4 - 15) - 5 - -5) + -4.
-3
Evaluate 11 + (-44 + 46 - (1 + 7)) + 11.
16
What is the value of (83 - 57) + (-13 - 3)?
10
What is (-1 - (1 + 1 + -4 + 3)) + -7?
-9
What is -17 + 1 + 9 - -5 - 2?
-4
(-12 - -1) + -11 + 11
-11
9 + -32 + (-4 - -38)
11
1 + (2 - 9) - (18 - 26 - -11)
-9
What is the value of (13 - 1) + (3 + -7 - (-9 + -5))?
22
What is -24 - (-23 + 14 + -30)?
15
What is -2 - ((8 - (18 - 3)) + 11)?
-6
Evaluate (-5 + 0 - -6 - -2) + 2 + -2.
3
Evaluate -4 - (14 + -22 + (2 - -1)).
1
Calculate -10 + -23 + -2 + 20.
-15
What is -19 - (-28 + 9) - 22?
-22
What is the value of -2 - (-40 - (36 - 81))?
-7
What is -10 - (-1 - -1 - (14 + -11))?
-7
What is the value of 66 + (-40 - (41 + -51))?
36
Evaluate 6 + -4 + 1 + 1 + 3.
7
What is the value of 13 - (16 - 23 - -28)?
-8
Calculate ((-6 - -4) + 4 - 1) + -1 + -1.
-1
Evaluate -3 + 0 + (-91 - -71) + (1 - -11).
-11
Calculate -24 + 35 + -20 + 13 + 1 + 1.
6
(-5 - (-28 + 7)) + -16
0
What is the value of -17 + (23 - (13 - 18))?
11
(-4 + 11 + -12 - (6 + 13)) + 1
-23
What is the value of -26 - -1 - (-10 + 11 + 10 - 20)?
-16
Calculate 3 - (11 - (-1 - -7)).
-2
What is the value of -10 - (2 + -9) - (-18 + 1)?
14
Calculate 8 + (-6 + 2 - 13 - -4).
-5
What is the value of (6 + (8 - 29) - (-5 + 1)) + 0?
-11
Calculate (2 - (27 + -30)) + -12.
-7
What is (19 - (7 - 7)) + -4 - 5?
10
Evaluate -5 + (-1 - -3) - (6 + (-6 - 5)).
2
Evaluate 18 - (62 - 24) - -46.
26
8 - ((2 - 11) + 8 + 10)
-1
What is the value of 20 - (-15 - 14 - -23)?
26
What is 23 + (-2 + -13 - -4)?
12
What is the value of ((-10 - (-8 + 17)) + -5 - -6) + -11?
-29
Evaluate -68 + 160 + -56 - (12 - -1).
23
What is -21 - (4 - -10) - -14?
-21
Evaluate 7 - 4 - 8 - 5 - -9.
-1
(14 - (7 + -11)) + -4
14
What is the value of (-5 - -15 - 13 - -9) + -3?
3
What is the value of (13 - 8 - 0) + -24 + 5?
-14
What is 12 + 0 + (3 - 29)?
-14
3 - -2 - (-539 + 542)
2
Evaluate -10 + (-2 - 6) + 22.
4
What is the value of 4 + (8 + -10 + 1 - 9)?
-6
Evaluate (-20 + 0 + 14 - (-1 + -16)) + -3.
8
What is the value of (-16 - -12 - 2) + -5?
-11
Calculate (-21 - -4) + -5 - (18 + -21 - 6).
-13
Calculate -8 - ((0 - -9) + (-5 - 3) - -4).
-13
31 - (21 - 41 - -51)
0
(-1 - 1 - 3) + (-10 - (-3 + 0))
-12
Calculate 13 + -2 + -14 - 3 - 24.
-30
What is the value of 20 - 4 - (12 - -3)?
1
What is the value of 36 + -24 + 7 - 9?
10
What is 10 - (12 + 0 + -5) - 4 - 9?
-10
What is (0 - (-7 + 14)) + 20?
13
What is 3 + (25 - 19) + -13?
-4
Calculate 2 + 2 - (-4 - 4 - -3).
9
What is the value of -4 - (-1 - -5) - (22 + -28)?
-2
What is the value of -267 + 261 - (6 - 1)?
-11
Evaluate -4 + (4 - (5 + 3)).
-8
What is (3 - (-4 - -3 - -1)) + 5 + 8?
16
What is 9 + -5 + (15 - (66 + -20))?
-27
Evaluate (2 - (1 + 1)) + 4 + -12.
-8
17 + -8 + (-11 + 5 - -6)
9
What is (-9 - (2 - (-7 + 10))) + 17 - -2?
11
What is the value of 1 + (27 - (-3 + 2 - -11)) - -6?
24
Evaluate -5 + (26 - (27 + -14)) + (0 - -5).
13
What is the value of (-12 - -17 - 5) + 2 + -5?
-3
Evaluate -211 + 222 - (0 + -1 + 7).
5
Calculate -22 - (-2 + -34 + 40).
-26
-3 + ((0 - 0) + 0 - (2 - 3))
-2
Evaluate -7 + (1 - (5 + -9)) + -5.
-7
Evaluate (-3 - -8) + 5 + (-14 - -8).
4
Calculate 13 + (10 - 21) - -8.
10
-1 + -10 - (-66 - -46)
9
What is the value of -1 + -4 - -8 - (1 + -4)?
6
6 + (-9 - (14 + -17) - (1 + 3))
-4
What is the value of 8 + (10 - (40 - 7))?
-15
7 - 2 - (-6 + 3 + (-8 - -7))
9
Evaluate 11 - (27 + -12 + -7).
3
-2 + (-8 - ((-1 - 1) + (19 - 20)))
-7
What is -4 + (-10 + (-1 - -5) - -10 - 4)?
-4
What is the value of (6 - 5) + -7 - (-3 + 9 + -5)?
-7
What is the value of (-3 - 2 - ((5 - 0) + -16)) + 25?
31
(-11 + 11 - 2) + (-7 - 15)
-24
(4 - -6) + (3 - 12)
1
-3 - (-21 - (-30 - -25))
13
Evaluate -12 + 22 + (-14 - -15) + 6.
17
Calculate -16 + 7 + -2 + (3 - -16).
8
1 + -2 - (7 + (-17 - -9))
0
Evaluate (-8 + 5 - -3) + 28 + -20.
8
What is the value of 5 + 2 - (-391 - -400)?
-2
Calculate -33 + (29 - 19) - -11 - -28.
16
What is the value of -13 + (27 + 6 - 11 - -14)?
23
-13 - (10 + -8) - 1
-16
Evaluate (2 - 25) + -8 + 16.
-15
What is 1 + 4 - (7 - (-2 + -11))?
-15
-8 + (-3 - (36 + -17 + -7))
-23
Calculate